n k(-15) is divided by g.
13
Suppose 4*z = 132 - 496. Calculate the remainder when 22 is divided by (0 - -1)/((-7)/z).
9
Let j(c) = -8*c - 3. What is the remainder when j(-4) is divided by (-3)/12 + (-183)/(-12)?
14
Let f = -4 + 8. Let v = 17 - 10. Suppose z + 0*z - v = 0. What is the remainder when z is divided by f?
3
Let d(i) = -5*i - 22. What is the remainder when d(-13) is divided by 15?
13
Suppose 35 = -0*b + 5*b. Suppose -4*q = -38 - 66. What is the remainder when q is divided by b?
5
Suppose 434 = 4*p - p + 2*c, -2*c + 146 = p. Calculate the remainder when p is divided by 37.
33
Let f(y) = -3*y + 4. Calculate the remainder when 56 is divided by f(-5).
18
Suppose 5*r - 87 = 528. Calculate the remainder when r is divided by 31.
30
Suppose 1038 + 942 = 10*i. Calculate the remainder when i is divided by 40.
38
Suppose 0 = -36*x + 34*x + 398. What is the remainder when x is divided by 25?
24
Let q = -7 + 25. What is the remainder when 33 is divided by q?
15
Let b(r) = -4*r + 1. Suppose t - 2 + 5 = -3*c, 2 = -2*c + 3*t. What is the remainder when b(c) is divided by 4?
1
Let x be ((-6)/(-4))/(3/18). Suppose 19 = -2*g - x. Let t = g - -28. What is the remainder when t is divided by 8?
6
Suppose 2*x = -3*y + 3*x + 51, -5*y + 85 = -x. What is the remainder when ((-2)/4)/((-5)/300) is divided by y?
13
Let h be -569 - 1 - (-8)/4. Let u be 4/(-14) + h/(-28). Suppose m - u + 8 = 2*j, 3*m - 38 = 4*j. Calculate the remainder when m is divided by 4.
2
Let w = -44 - -95. Suppose 4*d - 7*d + w = 0. Let b = -30 - -36. What is the remainder when d is divided by b?
5
Let x = -10 - -54. Let j(s) = -2*s**3 + 15*s**2 - 5*s - 5. Calculate the remainder when x is divided by j(7).
8
Let i = -45 + 72. Calculate the remainder when i is divided by 6.
3
Let o = -5 - -7. What is the remainder when 13 is divided by 5 + 2 + (3 - o)?
5
Let j = 224 + -143. Calculate the remainder when j is divided by 12.
9
Let g(l) = l**2 - 2*l - 3. Let i be g(-2). Suppose -i*p = h - 44, 0 = 3*p + 2*h - 6*h - 8. Calculate the remainder when 23 is divided by p.
7
Let r(f) = 8*f + 58. What is the remainder when (0 - 2 - 0) + 21 is divided by r(-6)?
9
Let f = -22 - -47. Calculate the remainder when 15/f + (-394)/(-10) is divided by 14.
12
Let v(o) = o**2 - 4*o - 2. Let l be v(5). Suppose 2*j = -l*j + 110. What is the remainder when 87 is divided by j?
21
Suppose j + 11 = -5*k - 0, -5*j + 4*k = -32. Calculate the remainder when 7 is divided by j.
3
Let p(a) = 4*a**2 + a + 5. Calculate the remainder when p(4) is divided by 38.
35
Let p(i) = -i**2 + 6*i - 1. Let k be p(6). Calculate the remainder when (6 - 7)/(k/29) is divided by 8.
5
Suppose 0 = g + x - 50, -256 = -5*g - 0*g - 3*x. What is the remainder when g is divided by 19?
15
Suppose 0 = 2*x + u - 34, -68 = -4*x - 0*u + 5*u. What is the remainder when x is divided by 4?
1
Suppose -b + 2*r = -9, 3*b - 4*r = 2*b + 13. Suppose -4*f + 3*i = -35, 0 = 2*f + b*i - 32 - 5. Calculate the remainder when f is divided by 7.
4
Suppose c = -1, -5*h - 4*c - 16 = -h. Let r = h + 5. Suppose 124 = r*q + 2*q. Calculate the remainder when q is divided by 16.
15
Let b = 32 + -20. Calculate the remainder when 23 is divided by b.
11
Let b(g) = -6*g - 2. Let d(u) = u**2 - 4*u + 1. Calculate the remainder when d(-6) is divided by b(-3).
13
Let v = -142 + 155. What is the remainder when v is divided by 6?
1
Suppose 5*m = -z - 0*z + 69, 0 = -4*m + 3*z + 59. Suppose -k = -4*c - 6*k + 1, -3*k = 5*c + 2. What is the remainder when (-38)/(-1) - c*3 is divided by m?
13
Let j = 6 + -2. Suppose -j*w = -42 - 54. Let m = -30 + 43. What is the remainder when w is divided by m?
11
Suppose -5*j = -0*j - 4*h - 144, 84 = 3*j - 3*h. What is the remainder when 94 is divided by j?
30
Calculate the remainder when (-9)/24*-20*4 is divided by 8.
6
Suppose 0 = 5*i - 5*f - 30, 0 = i - 2*f + 2 - 6. Calculate the remainder when 14 is divided by i.
6
Suppose 9 - 84 = -3*c. Suppose 3*k - c - 59 = 0. Suppose -2*t + 5*t - 30 = 0. What is the remainder when k is divided by t?
8
Suppose 0 = 4*n + 2*l - 20, 0 = n + 4*n + 3*l - 26. Let r be (n*-1)/((-2)/(-25)). Let w = -18 - r. Calculate the remainder when w is divided by 17.
15
Let y(w) = w**2 - 4*w + 2. What is the remainder when y(9) is divided by 12?
11
Let g(j) = -5*j - 10. Let o be g(-8). Suppose w = -2, 3*l - w = -l + o. Calculate the remainder when 20 is divided by l.
6
Let o(l) = -3*l + 2. Let x = -1 - 6. What is the remainder when 90 is divided by o(x)?
21
Suppose -5*z - 3 = -d, 2*d - z + 33 = 6*d. Let r = 46 + -43. What is the remainder when d is divided by r?
2
Let a be 16/6 - 2/3. Suppose -a = 3*q - 4*q - r, 2 = -2*r. Calculate the remainder when 11 is divided by q.
2
Let b(j) = -j**3 - 5*j**2 - 5*j + 9. What is the remainder when b(-5) is divided by 9?
7
Suppose g - 2 - 22 = -5*j, -j = -4. Let r be 4/(-16) - 18/(-8). Suppose 0*p = r*p - 22. Calculate the remainder when p is divided by g.
3
Let s(d) = d**2 + 6*d + 5. Let f be s(-5). Suppose 2*j - 14 + 2 = f. Calculate the remainder when (-1)/2 + (-23)/(-2) is divided by j.
5
Let d(m) = -m**2 + 15*m + 11. Calculate the remainder when d(9) is divided by 17.
14
Calculate the remainder when (-351)/(-54) - 2/(-4)*1 is divided by 5.
2
Let t = 31 + 20. What is the remainder when t is divided by 9?
6
Suppose 0 = 5*v + 4*g - 24, 3*v + 2*g = -g + 15. Calculate the remainder when 70 is divided by v.
2
Let w = -4 + 8. Suppose 3*o + 2*c = 27, -w*o + 3*c + 56 = -c. Suppose -1 + o = g. Calculate the remainder when 27 is divided by g.
7
Suppose 2*x = -2*i + 42, -2 = -i + 2*x + 34. Calculate the remainder when 50 is divided by i.
24
Let m be -5 + (-3 + 2)*-2. Calculate the remainder when 0 + m + 1 - -60 is divided by 20.
18
Let z(f) = f - 3. Let h be z(5). Let r be -1*(-4)/8*0. Suppose -5*l - i - 4*i + 50 = r, 0 = -h*l + i + 5. Calculate the remainder when 8 is divided by l.
3
Suppose p + p + 3*d - 4 = 0, 4*d = -p + 2. Suppose -4*j - 6 = -5*z, -j - 1 = -2*z + p. What is the remainder when 1 is divided by j?
0
Let q = 25 - 10. Calculate the remainder when 29 is divided by q.
14
Let l(o) = o**2 + 4*o - 3. Let p be l(-4). What is the remainder when 73 is divided by (-76)/(-3) + 1/p?
23
Let j = 43 - 16. What is the remainder when 2*-1 + 864/8 is divided by j?
25
Let c(q) = 2 - q - 7 + 0*q. Let i be c(-4). Let v(a) = -5*a + 1. What is the remainder when 17 is divided by v(i)?
5
Let t be (-3 + -1)/((-4)/70). Let i = -2 + 5. Suppose -5*q = -5*x + t, 3*x + 2*x - 74 = i*q. What is the remainder when x is divided by 9?
7
Suppose m = 6*m - 80. Suppose m = -4*k + y, 8*k - 3*k + 7 = -2*y. Calculate the remainder when ((-4)/10)/(k/330) is divided by 15.
14
Let l(b) = b**3 + 14*b**2 - b + 14. Let j(n) = -n - 6. Let h be j(8). Suppose -d - 60 = -5*d. Calculate the remainder when l(h) is divided by d.
13
Suppose 0 = -3*u + 4*n, -5*n - 6 + 5 = -4*u. Suppose -181 + 5 = -u*p. Calculate the remainder when p is divided by 23.
21
Let m(v) = 2*v + 18. What is the remainder when m(10) is divided by 20?
18
Let b(t) = -3*t**2 + 10*t - 9. Let h(v) = -v**2 + 3*v - 3. Let g(m) = -4*b(m) + 11*h(m). Calculate the remainder when g(7) is divided by 3.
0
Let k = 40 - 22. What is the remainder when 52 is divided by k?
16
Let t(g) = -5*g + 8. Let n(q) = 4*q - 8. Let c(l) = -4*n(l) - 3*t(l). Calculate the remainder when (2*(0 + -3))/(-1) is divided by c(4).
2
Suppose 33 = b - 3*j, j + 0*j + 66 = 2*b. Suppose -7*z + 9 = -6*z. Calculate the remainder when b is divided by z.
6
Let y(p) = 35*p**2 - 1. Let g be 3*1 + (-8)/4. Calculate the remainder when y(g) is divided by 12.
10
Suppose -i + 29 = -4*h - h, 0 = -5*i - 4*h. Calculate the remainder when i is divided by 3.
1
Let r be 156/8*10*1. Suppose -3*q - 5*u - 48 = -r, -4*q + u + 196 = 0. What is the remainder when q is divided by 10?
9
Let c(x) = -2*x**3 + 3*x**2 + x. Let z be c(-3). Let y = z + -46. Calculate the remainder when y is divided by 11.
10
Let l = 45 + -20. What is the remainder when l is divided by 14?
11
Suppose 4*u + 2*q = 46, 2*u - 4*q - 7 = 11. Let s(n) = -12*n + 9. Let p be s(-8). Suppose t + p = 6*t. Calculate the remainder when t is divided by u.
10
Suppose -2*b + 21 - 9 = 0. Calculate the remainder when b is divided by 3.
0
Suppose 3*v + 195 = 8*v. What is the rem